{"id":34617,"date":"2025-12-01T15:19:09","date_gmt":"2025-12-01T15:19:09","guid":{"rendered":"https:\/\/verdeymadera.com\/?page_id=34617"},"modified":"2026-01-27T10:47:30","modified_gmt":"2026-01-27T10:47:30","slug":"productos","status":"publish","type":"page","link":"https:\/\/verdeymadera.com\/en\/productos\/","title":{"rendered":"Products"},"content":{"rendered":"<div data-elementor-type=\"wp-page\" data-elementor-id=\"34617\" class=\"elementor elementor-34617\" data-elementor-post-type=\"page\">\n\t\t\t\t<div class=\"elementor-element elementor-element-92f874e thegem-e-con-layout-thegem e-flex e-con-boxed e-con e-parent\" data-id=\"92f874e\" data-element_type=\"container\" data-e-type=\"container\" data-settings=\"{&quot;thegem_container_layout&quot;:&quot;thegem&quot;}\">\r\n\t\t\t\t\t<div class=\"e-con-inner\">\r\n\t\t<div class=\"elementor-element elementor-element-cca9110 e-con-full thegem-e-con-layout-thegem e-flex e-con e-child\" data-id=\"cca9110\" data-element_type=\"container\" data-e-type=\"container\" data-settings=\"{&quot;thegem_container_layout&quot;:&quot;thegem&quot;}\">\r\n\t\t<a class=\"elementor-element elementor-element-895d52b e-con-full thegem-e-con-layout-thegem e-flex e-con e-child\" data-id=\"895d52b\" data-element_type=\"container\" data-e-type=\"container\" data-settings=\"{&quot;background_background&quot;:&quot;classic&quot;,&quot;thegem_container_layout&quot;:&quot;thegem&quot;}\" href=\"https:\/\/verdeymadera.com\/en\/product-category\/parquets-laminados\/\">\r\n\t\t\t\t<\/a>\n\t\t\t\t<div class=\"elementor-element elementor-element-0df602e flex-horizontal-align-default flex-horizontal-align-tablet-default flex-horizontal-align-mobile-default flex-vertical-align-default flex-vertical-align-tablet-default flex-vertical-align-mobile-default elementor-widget elementor-widget-heading\" data-id=\"0df602e\" data-element_type=\"widget\" data-e-type=\"widget\" data-widget_type=\"heading.default\">\n\t\t\t\t\t<h2 class=\"elementor-heading-title elementor-size-default\"><a href=\"https:\/\/verdeymadera.com\/en\/product-category\/parquets-laminados\/\">HIGH-PERFORMANCE LAMINATE FLOORING<\/a><\/h2>\t\t\t\t<\/div>\n\t\t\t\t<\/div>\n\t\t<div class=\"elementor-element elementor-element-55e6f60 e-con-full thegem-e-con-layout-thegem e-flex e-con e-child\" data-id=\"55e6f60\" data-element_type=\"container\" data-e-type=\"container\" data-settings=\"{&quot;thegem_container_layout&quot;:&quot;thegem&quot;}\">\r\n\t\t<a class=\"elementor-element elementor-element-0b77d46 e-con-full thegem-e-con-layout-thegem e-flex e-con e-child\" data-id=\"0b77d46\" data-element_type=\"container\" data-e-type=\"container\" data-settings=\"{&quot;background_background&quot;:&quot;classic&quot;,&quot;thegem_container_layout&quot;:&quot;thegem&quot;}\" href=\"https:\/\/verdeymadera.com\/en\/product-category\/parquets-hibridos\/\">\r\n\t\t\t\t<\/a>\n\t\t\t\t<div class=\"elementor-element elementor-element-b828ddc flex-horizontal-align-default flex-horizontal-align-tablet-default flex-horizontal-align-mobile-default flex-vertical-align-default flex-vertical-align-tablet-default flex-vertical-align-mobile-default elementor-widget elementor-widget-heading\" data-id=\"b828ddc\" data-element_type=\"widget\" data-e-type=\"widget\" data-widget_type=\"heading.default\">\n\t\t\t\t\t<h2 class=\"elementor-heading-title elementor-size-default\"><a href=\"https:\/\/verdeymadera.com\/en\/product-category\/parquets-hibridos\/\">SUSTAINABLE HYBRID FLOORING<\/a><\/h2>\t\t\t\t<\/div>\n\t\t\t\t<\/div>\n\t\t<div class=\"elementor-element elementor-element-d8182c6 e-con-full thegem-e-con-layout-thegem e-flex e-con e-child\" data-id=\"d8182c6\" data-element_type=\"container\" data-e-type=\"container\" data-settings=\"{&quot;thegem_container_layout&quot;:&quot;thegem&quot;}\">\r\n\t\t<a class=\"elementor-element elementor-element-7f1f043 e-con-full thegem-e-con-layout-thegem e-flex e-con e-child\" data-id=\"7f1f043\" data-element_type=\"container\" data-e-type=\"container\" data-settings=\"{&quot;background_background&quot;:&quot;classic&quot;,&quot;thegem_container_layout&quot;:&quot;thegem&quot;}\" href=\"https:\/\/verdeymadera.com\/en\/parquets-de-madera-anticato\/\">\r\n\t\t\t\t<\/a>\n\t\t\t\t<div class=\"elementor-element elementor-element-88392bc flex-horizontal-align-default flex-horizontal-align-tablet-default flex-horizontal-align-mobile-default flex-vertical-align-default flex-vertical-align-tablet-default flex-vertical-align-mobile-default elementor-widget elementor-widget-heading\" data-id=\"88392bc\" data-element_type=\"widget\" data-e-type=\"widget\" data-widget_type=\"heading.default\">\n\t\t\t\t\t<h2 class=\"elementor-heading-title elementor-size-default\"><a href=\"https:\/\/verdeymadera.com\/en\/parquets-de-madera-anticato\/\">Anticato wooden parquet floors<\/a><\/h2>\t\t\t\t<\/div>\n\t\t\t\t<\/div>\n\t\t\t\t\t<\/div>\n\t\t\t\t<\/div>\n\t\t<div class=\"elementor-element elementor-element-6c3a248 thegem-e-con-layout-thegem e-flex e-con-boxed e-con e-parent\" data-id=\"6c3a248\" data-element_type=\"container\" data-e-type=\"container\" data-settings=\"{&quot;thegem_container_layout&quot;:&quot;thegem&quot;}\">\r\n\t\t\t\t\t<div class=\"e-con-inner\">\r\n\t\t<div class=\"elementor-element elementor-element-70e33fe e-con-full thegem-e-con-layout-thegem e-flex e-con e-child\" data-id=\"70e33fe\" data-element_type=\"container\" data-e-type=\"container\" data-settings=\"{&quot;thegem_container_layout&quot;:&quot;thegem&quot;}\">\r\n\t\t<a class=\"elementor-element elementor-element-5c8fac6 e-con-full thegem-e-con-layout-thegem e-flex e-con e-child\" data-id=\"5c8fac6\" data-element_type=\"container\" data-e-type=\"container\" data-settings=\"{&quot;background_background&quot;:&quot;classic&quot;,&quot;thegem_container_layout&quot;:&quot;thegem&quot;}\" href=\"https:\/\/verdeymadera.com\/en\/parquets-y-revestimientos-vinilicos-spc\/\">\r\n\t\t\t\t<\/a>\n\t\t\t\t<div class=\"elementor-element elementor-element-a29f111 flex-horizontal-align-default flex-horizontal-align-tablet-default flex-horizontal-align-mobile-default flex-vertical-align-default flex-vertical-align-tablet-default flex-vertical-align-mobile-default elementor-widget elementor-widget-heading\" data-id=\"a29f111\" data-element_type=\"widget\" data-e-type=\"widget\" data-widget_type=\"heading.default\">\n\t\t\t\t\t<h2 class=\"elementor-heading-title elementor-size-default\"><a href=\"https:\/\/verdeymadera.com\/en\/parquets-y-revestimientos-vinilicos-spc\/\">SPC VINYL SOLUTIONS FOR FLOORS AND WALLS<\/a><\/h2>\t\t\t\t<\/div>\n\t\t\t\t<\/div>\n\t\t<div class=\"elementor-element elementor-element-a3d3a35 e-con-full thegem-e-con-layout-thegem e-flex e-con e-child\" data-id=\"a3d3a35\" data-element_type=\"container\" data-e-type=\"container\" data-settings=\"{&quot;thegem_container_layout&quot;:&quot;thegem&quot;}\">\r\n\t\t<a class=\"elementor-element elementor-element-87e52c1 e-con-full thegem-e-con-layout-thegem e-flex e-con e-child\" data-id=\"87e52c1\" data-element_type=\"container\" data-e-type=\"container\" data-settings=\"{&quot;background_background&quot;:&quot;classic&quot;,&quot;thegem_container_layout&quot;:&quot;thegem&quot;}\" href=\"https:\/\/verdeymadera.com\/en\/ceramicas\/\">\r\n\t\t\t\t<\/a>\n\t\t\t\t<div class=\"elementor-element elementor-element-562ce8e flex-horizontal-align-default flex-horizontal-align-tablet-default flex-horizontal-align-mobile-default flex-vertical-align-default flex-vertical-align-tablet-default flex-vertical-align-mobile-default elementor-widget elementor-widget-heading\" data-id=\"562ce8e\" data-element_type=\"widget\" data-e-type=\"widget\" data-widget_type=\"heading.default\">\n\t\t\t\t\t<h2 class=\"elementor-heading-title elementor-size-default\"><a href=\"https:\/\/verdeymadera.com\/en\/ceramicas\/\">DESIGN CERAMICS FOR ARCHITECTURE AND INTERIOR DESIGN<\/a><\/h2>\t\t\t\t<\/div>\n\t\t\t\t<\/div>\n\t\t<div class=\"elementor-element elementor-element-789887c e-con-full thegem-e-con-layout-thegem e-flex e-con e-child\" data-id=\"789887c\" data-element_type=\"container\" data-e-type=\"container\" data-settings=\"{&quot;thegem_container_layout&quot;:&quot;thegem&quot;}\">\r\n\t\t<a class=\"elementor-element elementor-element-9bf4ffb e-con-full thegem-e-con-layout-thegem e-flex e-con e-child\" data-id=\"9bf4ffb\" data-element_type=\"container\" data-e-type=\"container\" data-settings=\"{&quot;background_background&quot;:&quot;classic&quot;,&quot;thegem_container_layout&quot;:&quot;thegem&quot;}\" href=\"https:\/\/verdeymadera.com\/en\/tarimas-de-exterior\/\">\r\n\t\t\t\t<\/a>\n\t\t\t\t<div class=\"elementor-element elementor-element-715ded2 flex-horizontal-align-default flex-horizontal-align-tablet-default flex-horizontal-align-mobile-default flex-vertical-align-default flex-vertical-align-tablet-default flex-vertical-align-mobile-default elementor-widget elementor-widget-heading\" data-id=\"715ded2\" data-element_type=\"widget\" data-e-type=\"widget\" data-widget_type=\"heading.default\">\n\t\t\t\t\t<h2 class=\"elementor-heading-title elementor-size-default\"><a href=\"https:\/\/verdeymadera.com\/en\/tarimas-de-exterior\/\">OUTDOOR DECKING<\/a><\/h2>\t\t\t\t<\/div>\n\t\t\t\t<\/div>\n\t\t\t\t\t<\/div>\n\t\t\t\t<\/div>\n\t\t\t\t<\/div>","protected":false},"excerpt":{"rendered":"<p>PAVIMENTOS LAMINADOS DE ALTO RENDIMIENTO PAVIMENTOS H\u00cdBRIDOS SOSTENIBLES Parquets de madera Anticato SOLUCIONES VIN\u00cdLICAS SPC PARA SUELOS Y PAREDES CER\u00c1MICA&#8230;<\/p>","protected":false},"author":1,"featured_media":33983,"parent":0,"menu_order":0,"comment_status":"closed","ping_status":"closed","template":"page-fullwidth.php","meta":{"_acf_changed":false,"footnotes":""},"class_list":["post-34617","page","type-page","status-publish","has-post-thumbnail"],"acf":[],"_links":{"self":[{"href":"https:\/\/verdeymadera.com\/en\/wp-json\/wp\/v2\/pages\/34617","targetHints":{"allow":["GET"]}}],"collection":[{"href":"https:\/\/verdeymadera.com\/en\/wp-json\/wp\/v2\/pages"}],"about":[{"href":"https:\/\/verdeymadera.com\/en\/wp-json\/wp\/v2\/types\/page"}],"author":[{"embeddable":true,"href":"https:\/\/verdeymadera.com\/en\/wp-json\/wp\/v2\/users\/1"}],"replies":[{"embeddable":true,"href":"https:\/\/verdeymadera.com\/en\/wp-json\/wp\/v2\/comments?post=34617"}],"version-history":[{"count":90,"href":"https:\/\/verdeymadera.com\/en\/wp-json\/wp\/v2\/pages\/34617\/revisions"}],"predecessor-version":[{"id":35610,"href":"https:\/\/verdeymadera.com\/en\/wp-json\/wp\/v2\/pages\/34617\/revisions\/35610"}],"wp:featuredmedia":[{"embeddable":true,"href":"https:\/\/verdeymadera.com\/en\/wp-json\/wp\/v2\/media\/33983"}],"wp:attachment":[{"href":"https:\/\/verdeymadera.com\/en\/wp-json\/wp\/v2\/media?parent=34617"}],"curies":[{"name":"wp","href":"https:\/\/api.w.org\/{rel}","templated":true}]}}

<p>PAVIMENTOS LAMINADOS DE ALTO RENDIMIENTO PAVIMENTOS HÍBRIDOS SOSTENIBLES Parquets de madera Anticato SOLUCIONES VINÍLICAS SPC PARA SUELOS Y PAREDES CERÁMICA&#8230;</p>
