{"id":34917,"date":"2025-12-08T21:16:36","date_gmt":"2025-12-08T21:16:36","guid":{"rendered":"https:\/\/verdeymadera.com\/?page_id=34917"},"modified":"2026-03-03T11:31:44","modified_gmt":"2026-03-03T11:31:44","slug":"parquets-y-revestimientos-vinilicos-spc","status":"publish","type":"page","link":"https:\/\/verdeymadera.com\/en\/parquets-y-revestimientos-vinilicos-spc\/","title":{"rendered":"Parquets and SPC vinyl flooring"},"content":{"rendered":"<div data-elementor-type=\"wp-page\" data-elementor-id=\"34917\" class=\"elementor elementor-34917\" data-elementor-post-type=\"page\">\n\t\t\t\t<div class=\"elementor-element elementor-element-dcdb543 thegem-e-con-layout-thegem e-flex e-con-boxed e-con e-parent\" data-id=\"dcdb543\" data-element_type=\"container\" data-e-type=\"container\" data-settings=\"{&quot;thegem_container_layout&quot;:&quot;thegem&quot;}\">\r\n\t\t\t\t\t<div class=\"e-con-inner\">\r\n\t\t<div class=\"elementor-element elementor-element-ccbfd4c e-con-full thegem-e-con-layout-thegem e-flex e-con e-child\" data-id=\"ccbfd4c\" data-element_type=\"container\" data-e-type=\"container\" data-settings=\"{&quot;thegem_container_layout&quot;:&quot;thegem&quot;}\">\r\n\t\t<a class=\"elementor-element elementor-element-5e3b766 e-con-full thegem-e-con-layout-thegem e-flex e-con e-child\" data-id=\"5e3b766\" data-element_type=\"container\" data-e-type=\"container\" data-settings=\"{&quot;background_background&quot;:&quot;classic&quot;,&quot;thegem_container_layout&quot;:&quot;thegem&quot;}\" href=\"https:\/\/verdeymadera.com\/wp-content\/uploads\/2025\/10\/PARQUET-SPC-VyM.pdf\" target=\"_blank\">\r\n\t\t\t\t<\/a>\n\t\t\t\t<div class=\"elementor-element elementor-element-bdfd5a5 flex-horizontal-align-default flex-horizontal-align-tablet-default flex-horizontal-align-mobile-default flex-vertical-align-default flex-vertical-align-tablet-default flex-vertical-align-mobile-default elementor-widget elementor-widget-heading\" data-id=\"bdfd5a5\" data-element_type=\"widget\" data-e-type=\"widget\" data-widget_type=\"heading.default\">\n\t\t\t\t\t<h2 class=\"elementor-heading-title elementor-size-default\">SPC VYM<\/h2>\t\t\t\t<\/div>\n\t\t\t\t<div class=\"elementor-element elementor-element-c98ec1c flex-horizontal-align-default flex-horizontal-align-tablet-default flex-horizontal-align-mobile-default flex-vertical-align-default flex-vertical-align-tablet-default flex-vertical-align-mobile-default elementor-widget elementor-widget-heading\" data-id=\"c98ec1c\" data-element_type=\"widget\" data-e-type=\"widget\" data-widget_type=\"heading.default\">\n\t\t\t\t\t<h3 class=\"elementor-heading-title elementor-size-default\">SPC the Most Optimal Version<\/h3>\t\t\t\t<\/div>\n\t\t\t\t<\/div>\n\t\t<div class=\"elementor-element elementor-element-8110136 e-con-full thegem-e-con-layout-thegem e-flex e-con e-child\" data-id=\"8110136\" data-element_type=\"container\" data-e-type=\"container\" data-settings=\"{&quot;thegem_container_layout&quot;:&quot;thegem&quot;}\">\r\n\t\t<a class=\"elementor-element elementor-element-90b69b0 e-con-full thegem-e-con-layout-thegem e-flex e-con e-child\" data-id=\"90b69b0\" data-element_type=\"container\" data-e-type=\"container\" data-settings=\"{&quot;background_background&quot;:&quot;classic&quot;,&quot;thegem_container_layout&quot;:&quot;thegem&quot;}\" href=\"https:\/\/verdeymadera.com\/wp-content\/uploads\/2025\/10\/PARQUET-SPC-PARQUETVINYL.pdf\" target=\"_blank\">\r\n\t\t\t\t<\/a>\n\t\t\t\t<div class=\"elementor-element elementor-element-c7d105a flex-horizontal-align-default flex-horizontal-align-tablet-default flex-horizontal-align-mobile-default flex-vertical-align-default flex-vertical-align-tablet-default flex-vertical-align-mobile-default elementor-widget elementor-widget-heading\" data-id=\"c7d105a\" data-element_type=\"widget\" data-e-type=\"widget\" data-widget_type=\"heading.default\">\n\t\t\t\t\t<h2 class=\"elementor-heading-title elementor-size-default\">SPC Parquets Vinyl<\/h2>\t\t\t\t<\/div>\n\t\t\t\t<div class=\"elementor-element elementor-element-f649ab0 flex-horizontal-align-default flex-horizontal-align-tablet-default flex-horizontal-align-mobile-default flex-vertical-align-default flex-vertical-align-tablet-default flex-vertical-align-mobile-default elementor-widget elementor-widget-heading\" data-id=\"f649ab0\" data-element_type=\"widget\" data-e-type=\"widget\" data-widget_type=\"heading.default\">\n\t\t\t\t\t<h3 class=\"elementor-heading-title elementor-size-default\">Wide Variety of SPC Models<\/h3>\t\t\t\t<\/div>\n\t\t\t\t<\/div>\n\t\t<div class=\"elementor-element elementor-element-50d9ac7 e-con-full thegem-e-con-layout-thegem e-flex e-con e-child\" data-id=\"50d9ac7\" data-element_type=\"container\" data-e-type=\"container\" data-settings=\"{&quot;thegem_container_layout&quot;:&quot;thegem&quot;}\">\r\n\t\t<a class=\"elementor-element elementor-element-d83f0f5 e-con-full thegem-e-con-layout-thegem e-flex e-con e-child\" data-id=\"d83f0f5\" data-element_type=\"container\" data-e-type=\"container\" data-settings=\"{&quot;background_background&quot;:&quot;classic&quot;,&quot;thegem_container_layout&quot;:&quot;thegem&quot;}\" href=\"https:\/\/verdeymadera.com\/wp-content\/uploads\/2025\/12\/PANELES-DE-PARED-SPC-VyM-2025.pdf\" target=\"_blank\">\r\n\t\t\t\t<\/a>\n\t\t\t\t<div class=\"elementor-element elementor-element-a0b7b85 flex-horizontal-align-default flex-horizontal-align-tablet-default flex-horizontal-align-mobile-default flex-vertical-align-default flex-vertical-align-tablet-default flex-vertical-align-mobile-default elementor-widget elementor-widget-heading\" data-id=\"a0b7b85\" data-element_type=\"widget\" data-e-type=\"widget\" data-widget_type=\"heading.default\">\n\t\t\t\t\t<h2 class=\"elementor-heading-title elementor-size-default\">SPC Wall Panels Vym<\/h2>\t\t\t\t<\/div>\n\t\t\t\t<div class=\"elementor-element elementor-element-017793f flex-horizontal-align-default flex-horizontal-align-tablet-default flex-horizontal-align-mobile-default flex-vertical-align-default flex-vertical-align-tablet-default flex-vertical-align-mobile-default elementor-widget elementor-widget-heading\" data-id=\"017793f\" data-element_type=\"widget\" data-e-type=\"widget\" data-widget_type=\"heading.default\">\n\t\t\t\t\t<h3 class=\"elementor-heading-title elementor-size-default\">SPC on Walls<\/h3>\t\t\t\t<\/div>\n\t\t\t\t<\/div>\n\t\t\t\t\t<\/div>\n\t\t\t\t<\/div>\n\t\t<div class=\"elementor-element elementor-element-58e5b20 thegem-e-con-layout-thegem e-flex e-con-boxed e-con e-parent\" data-id=\"58e5b20\" data-element_type=\"container\" data-e-type=\"container\" data-settings=\"{&quot;thegem_container_layout&quot;:&quot;thegem&quot;}\">\r\n\t\t\t\t\t<div class=\"e-con-inner\">\r\n\t\t<div class=\"elementor-element elementor-element-60f18a9 e-con-full thegem-e-con-layout-thegem e-flex e-con e-child\" data-id=\"60f18a9\" data-element_type=\"container\" data-e-type=\"container\" data-settings=\"{&quot;thegem_container_layout&quot;:&quot;thegem&quot;}\">\r\n\t\t\t\t<div class=\"elementor-element elementor-element-811a297 flex-horizontal-align-default flex-horizontal-align-tablet-default flex-horizontal-align-mobile-default flex-vertical-align-default flex-vertical-align-tablet-default flex-vertical-align-mobile-default elementor-widget elementor-widget-heading\" data-id=\"811a297\" data-element_type=\"widget\" data-e-type=\"widget\" data-widget_type=\"heading.default\">\n\t\t\t\t\t<h2 class=\"light elementor-heading-title elementor-size-default\">The Beauty of Wood, the Comfort of Vinyl.<\/h2>\t\t\t\t<\/div>\n\t\t\t\t<div class=\"elementor-element elementor-element-5e1be23 flex-horizontal-align-default flex-horizontal-align-tablet-default flex-horizontal-align-mobile-default flex-vertical-align-default flex-vertical-align-tablet-default flex-vertical-align-mobile-default elementor-widget elementor-widget-text-editor\" data-id=\"5e1be23\" data-element_type=\"widget\" data-e-type=\"widget\" data-widget_type=\"text-editor.default\">\n\t\t\t\t\t\t\t\t\t\t\t\t<div class=\"elementor-text-editor elementor-clearfix\">\r\n\t\t\t\t\t\t<p><strong>SPC: Global Strength. Limitless Aesthetics.<\/strong><\/p><p class=\"translation-block\">SPC (Stone Plastic Composite) flooring and wall cladding are the most robust and technologically advanced solution for any space. <br>\nDay after day, both floors and walls withstand a constant flow of impacts, scuffs, spills, and unexpected movement. It\u2019s a reality that demands superior, seamless resistance. <br>\nThanks to its cutting-edge composition, SPC extends its promise of maximum durability and strength to the entire envelope of your space, neutralizing the effects of these unforeseen events.<\/p><p class=\"translation-block\"><strong>SPC guarantees:<\/strong><br>\nMaximum robustness for real life on floors.<br>\nImpeccable aesthetic resistance on walls.<br>\nGuaranteed service life by mitigating daily wear and abrasion.<br>\nTransform your space with an all-in-one solution that ensures exceptional long-term durability while maintaining an impeccable aesthetic.<\/p>\t\t\t\t\t\t\t<\/div>\r\n\t\t\t\t\t\t\t\t\t\t<\/div>\n\t\t\t\t<\/div>\n\t\t\t\t<div class=\"elementor-element elementor-element-5f9d407 elementor-widget__width-initial flex-horizontal-align-default flex-horizontal-align-tablet-default flex-horizontal-align-mobile-default flex-vertical-align-default flex-vertical-align-tablet-default flex-vertical-align-mobile-default elementor-widget elementor-widget-thegem-styledbutton\" data-id=\"5f9d407\" data-element_type=\"widget\" data-e-type=\"widget\" data-settings=\"{&quot;thegem_button_skin&quot;:&quot;flat&quot;}\" data-widget_type=\"thegem-styledbutton.default\">\n\t\t\t\t<div class=\"elementor-widget-container\">\n\t\t\t\t\t\n<div class=\"gem-button-container gem-widget-button\">\n\n\t\t<a class=\"gem-button gem-button-size-small gem-button-text-weight-bold gem-button-style-flat\" href=\"https:\/\/verdeymadera.com\/en\/contacto\/\">\n\t\t<span class=\"gem-inner-wrapper-btn\">\n\t\t\t\t\t\t<span class=\"gem-text-button\">\n\t\t\t\tREQUEST A QUOTE\t\t\t<\/span>\n\t\t<\/span>\n\t<\/a>\n\n\t\n<\/div>\t\t\t\t<\/div>\n\t\t\t\t<\/div>\n\t\t\t\t\t<\/div>\n\t\t\t\t<\/div>\n\t\t\t\t<\/div>","protected":false},"excerpt":{"rendered":"<p>SPC VYM SPC la versi\u00f3n m\u00e1s \u00f3ptima SPC Parquets Vinyl Grandes variedades de modelos Spc paneles de parede SPC Vym&#8230;<\/p>","protected":false},"author":1,"featured_media":34919,"parent":0,"menu_order":0,"comment_status":"closed","ping_status":"closed","template":"page-fullwidth.php","meta":{"_acf_changed":false,"footnotes":""},"class_list":["post-34917","page","type-page","status-publish","has-post-thumbnail"],"acf":[],"_links":{"self":[{"href":"https:\/\/verdeymadera.com\/en\/wp-json\/wp\/v2\/pages\/34917","targetHints":{"allow":["GET"]}}],"collection":[{"href":"https:\/\/verdeymadera.com\/en\/wp-json\/wp\/v2\/pages"}],"about":[{"href":"https:\/\/verdeymadera.com\/en\/wp-json\/wp\/v2\/types\/page"}],"author":[{"embeddable":true,"href":"https:\/\/verdeymadera.com\/en\/wp-json\/wp\/v2\/users\/1"}],"replies":[{"embeddable":true,"href":"https:\/\/verdeymadera.com\/en\/wp-json\/wp\/v2\/comments?post=34917"}],"version-history":[{"count":30,"href":"https:\/\/verdeymadera.com\/en\/wp-json\/wp\/v2\/pages\/34917\/revisions"}],"predecessor-version":[{"id":36059,"href":"https:\/\/verdeymadera.com\/en\/wp-json\/wp\/v2\/pages\/34917\/revisions\/36059"}],"wp:featuredmedia":[{"embeddable":true,"href":"https:\/\/verdeymadera.com\/en\/wp-json\/wp\/v2\/media\/34919"}],"wp:attachment":[{"href":"https:\/\/verdeymadera.com\/en\/wp-json\/wp\/v2\/media?parent=34917"}],"curies":[{"name":"wp","href":"https:\/\/api.w.org\/{rel}","templated":true}]}}

<p>SPC VYM SPC la versión más óptima SPC Parquets Vinyl Grandes variedades de modelos Spc paneles de parede SPC Vym&#8230;</p>
