{"id":33788,"date":"2025-11-24T07:35:23","date_gmt":"2025-11-24T07:35:23","guid":{"rendered":"https:\/\/verdeymadera.com\/?post_type=product&#038;p=33788"},"modified":"2025-11-25T13:30:26","modified_gmt":"2025-11-25T13:30:26","slug":"parquets-de-madera-natural-exclusiva","status":"publish","type":"product","link":"https:\/\/verdeymadera.com\/en\/product\/parquets-de-madera-natural-exclusiva\/","title":{"rendered":"PARQUETS DE MADERA NATURAL EXCLUSIVA"},"content":{"rendered":"<p>En Verde y Madera hemos agrupado toda nuestra oferta de madera natural bajo la marca Anticato. Esto nos permite asegurar la trazabilidad y la calidad, ofreciendo una soluci\u00f3n de madera para cada tipolog\u00eda de proyecto: Descubra el Valor Diferencial de Anticato en Cuatro Puntos Clave: Tendencia y Alta Demanda: Modelos de roble natural y acabados contempor\u00e1neos que se integran en cualquier proyecto de dise\u00f1o actual, cumpliendo con la alta exigencia funcional. M\u00e1xima Calidad y Especificaci\u00f3n: La selecci\u00f3n de madera de la m\u00e1s alta gama, ideal para proyectos que requieren un rendimiento superior y una durabilidad excepcional a largo plazo. Dise\u00f1o Artesanal y \u00danico: Piezas con marcada diferenciaci\u00f3n, perfectas para proyectos de restauraci\u00f3n, hoteles boutique y espacios que buscan un acabado r\u00fastico o con historia. Compromiso T\u00e9cnico: Cada modelo cuenta con la documentaci\u00f3n y garant\u00edas necesarias para su correcta especificaci\u00f3n e instalaci\u00f3n, eliminando riesgos en la obra. <a href=\"http:\/\/redirecci\u00f3n a www.anticato.es\" target=\"_blank\">Acceda a la Colecci\u00f3n Completa Anticato<\/a><\/p>","protected":false},"excerpt":{"rendered":"<p>Anticato: La Colecci\u00f3n Completa de Madera Natural<br \/>\nLa Gama de Madera Natural Definida por el Dise\u00f1o y la Exclusividad Artesanal.<br \/>\n<a href=\"https:\/\/www.anticato.es\/\" target=\"_blank\">Acceda a la Colecci\u00f3n Completa Anticato<\/a><\/p>","protected":false},"featured_media":33789,"template":"","meta":{"_acf_changed":false},"product_brand":[],"product_cat":[262],"product_tag":[],"class_list":{"0":"post-33788","1":"product","2":"type-product","3":"status-publish","4":"has-post-thumbnail","6":"product_cat-madera-anticato","8":"first","9":"instock","10":"shipping-taxable","11":"purchasable","12":"product-type-simple"},"acf":[],"_links":{"self":[{"href":"https:\/\/verdeymadera.com\/en\/wp-json\/wp\/v2\/product\/33788","targetHints":{"allow":["GET"]}}],"collection":[{"href":"https:\/\/verdeymadera.com\/en\/wp-json\/wp\/v2\/product"}],"about":[{"href":"https:\/\/verdeymadera.com\/en\/wp-json\/wp\/v2\/types\/product"}],"version-history":[{"count":4,"href":"https:\/\/verdeymadera.com\/en\/wp-json\/wp\/v2\/product\/33788\/revisions"}],"predecessor-version":[{"id":34273,"href":"https:\/\/verdeymadera.com\/en\/wp-json\/wp\/v2\/product\/33788\/revisions\/34273"}],"wp:featuredmedia":[{"embeddable":true,"href":"https:\/\/verdeymadera.com\/en\/wp-json\/wp\/v2\/media\/33789"}],"wp:attachment":[{"href":"https:\/\/verdeymadera.com\/en\/wp-json\/wp\/v2\/media?parent=33788"}],"wp:term":[{"taxonomy":"product_brand","embeddable":true,"href":"https:\/\/verdeymadera.com\/en\/wp-json\/wp\/v2\/product_brand?post=33788"},{"taxonomy":"product_cat","embeddable":true,"href":"https:\/\/verdeymadera.com\/en\/wp-json\/wp\/v2\/product_cat?post=33788"},{"taxonomy":"product_tag","embeddable":true,"href":"https:\/\/verdeymadera.com\/en\/wp-json\/wp\/v2\/product_tag?post=33788"}],"curies":[{"name":"wp","href":"https:\/\/api.w.org\/{rel}","templated":true}]}}

<p>En Verde y Madera hemos agrupado toda nuestra oferta de madera natural bajo la marca Anticato. Esto nos permite asegurar la trazabilidad y la calidad, ofreciendo una solución de madera para cada tipología de proyecto: Descubra el Valor Diferencial de Anticato en Cuatro Puntos Clave: Tendencia y Alta Demanda: Modelos de roble natural y acabados contemporáneos que se integran en cualquier proyecto de diseño actual, cumpliendo con la alta exigencia funcional. Máxima Calidad y Especificación: La selección de madera de la más alta gama, ideal para proyectos que requieren un rendimiento superior y una durabilidad excepcional a largo plazo. Diseño Artesanal y Único: Piezas con marcada diferenciación, perfectas para proyectos de restauración, hoteles boutique y espacios que buscan un acabado rústico o con historia. Compromiso Técnico: Cada modelo cuenta con la documentación y garantías necesarias para su correcta especificación e instalación, eliminando riesgos en la obra. <a href="http://redirección a www.anticato.es" target="_blank">Acceda a la Colección Completa Anticato</a></p>

<p>Anticato: La Colección Completa de Madera Natural<br />
La Gama de Madera Natural Definida por el Diseño y la Exclusividad Artesanal.<br />
<a href="https://www.anticato.es/" target="_blank">Acceda a la Colección Completa Anticato</a></p>
